-5) + -18 - (115 + -124) - 28 - 12?
-47
-21 - (23 + -63) - 64
-45
Evaluate -11 + 24 + 39 - ((9 + -19 - 2) + 1).
63
What is the value of -1 - 5 - ((61 - -10) + -76) - -88?
87
What is (45 - 24) + 7 + 3 + -1 - -20?
50
What is -6 - -10 - -20 - (-15 + 60)?
-21
What is the value of -4 + 16 + -11 - (8 - (-9 + 1 - -94))?
79
Calculate 5 + (11 + 3 - -8 - 12 - (1 + 8)).
6
What is -38 + 76 + -62 + 32 + -17 + -2?
-11
3 + -1 + 2 + -268 + 156 + 184
76
What is the value of -13 - (40 - 98) - (7 + -6)?
44
What is the value of (-7 - (-3 + 15)) + 64 + -88?
-43
What is the value of (41 + -32 - -33) + -29?
13
What is the value of 9 - (-31 + -2 + 1 + -78)?
119
What is (-130 - -243 - 132) + (-1 - -15)?
-5
1021 - 880 - (64 - 2)
79
40 + 71 + 0 + (-40 - 0)
71
Evaluate -28 + (24 - (12 + 9)) + -36.
-61
Evaluate (-82 - (-13 - 24)) + 8.
-37
Calculate -58 + 2 + (1006 - 970).
-20
What is the value of (-2 + -12 - (-203 - -205)) + (-2 - 46)?
-64
What is the value of -104 - (32 + (-43 - 60))?
-33
What is 69 - (10 - -17 - 7 - (2 - -8)) - 2?
57
13369 + -13350 - (97 - -1)
-79
Evaluate 42 + -65 + (14 - 5).
-14
What is (-38 - 34) + -46 + 9?
-109
What is -1 - -45 - (266 + -259)?
37
(6 + -18 - 24) + 9 + -11 + 2
-36
Evaluate -3 + (5 - 6 - -4) - 9.
-9
-5 - ((67 - -54) + -48)
-78
What is 118 - 74 - (12 - 53 - -29)?
56
Calculate -9 - -1 - (-24 - (49 + -85 + 41)).
21
What is the value of -5 + 8 - (-34 - -33 - (-31 + 6))?
-21
(-4 - -1 - (-21 + 30)) + 436 + -429
-5
(201 - (-89 + 136)) + -63
91
What is (0 - (5 + (7 - 10) - -5)) + 78?
71
Evaluate 23 + (-9 - -9) + -2 + (-3 - -9) + -5.
22
Calculate 20 + 1 + 0 - (-539 + 530).
30
Evaluate 4 + 0 + (15 - 22 - (3 + 1)).
-7
What is the value of 1 + -7 + 5 - (-6 - (13 - 9))?
9
Evaluate -27 + 46 - (1 - (-20 + -3)).
-5
Calculate (10 - -32) + -38 + (1 - (2 + -3)) + -6.
0
(-96 - 0) + 101 - (-1 - (-57 - -1))
-50
Calculate (913 + -905 - ((-3 - -2) + 68)) + (2 - -3).
-54
What is (4 - 12 - -5) + 8 + 1 - 17?
-11
Evaluate -99 + (-7 + 16 - 1) + -5 + 3.
-93
Evaluate 1 + -23 + 2 - (-87 - -66).
1
44 + (8 - 29) - (24 + -10)
9
Calculate 8 + -51 + 850 + -738.
69
(-26 - 4 - (0 - 28)) + (-10 - -79)
67
What is the value of -4665 + 4669 - (0 - -67)?
-63
What is 8 + (17 - 67) - -46?
4
-20 - (-24 + 4) - 10
-10
Evaluate 2 + 50 + -45 + 30 + (9 - 1).
45
Calculate (572 - 610 - (3 - -7 - -3)) + 16.
-35
What is (11 - (-55 + 67)) + -34?
-35
Evaluate (0 - -2) + -11 - (-60 - (5 + -53)).
3
What is 147 + -160 - (-13 - (7 - 4))?
3
Evaluate (8 - (-57 + 11) - -8) + -20.
42
Calculate (0 - -61) + (0 + -4 - (57 - 63) - -9).
72
Calculate (1 - 7) + -48 + -41 + 69.
-26
(59 - (102 - 93)) + -75
-25
Evaluate (1 - -3) + (54 - 69) - (16 + -67 - 7).
47
What is the value of (3758 - 3804 - (-1 - -86)) + (0 + 1 - -13)?
-117
(-1 - (2 + -6)) + (1 + -42 - -41) + -61
-58
Evaluate -25 + -24 + 19 + -45.
-75
Calculate -10 + 8 + -4 - (-127 + (-6 - 5 - -12)).
120
Calculate -8 + 13 + 15 + -43 + 63.
40
What is -93 + 0 + -6 + (35 - (6 - -24))?
-94
What is the value of 2 + 1 - (9 - ((38 - 37) + 72))?
67
Calculate -1 - -182 - 158 - (-2 + (0 - 1)).
26
4 + -1 + -4 - 14 - (902 - 894)
-23
32 + (-52 - -173) - 79
74
Evaluate 2 - 0 - (89 + 274 + -385).
24
(5 - ((62 - 29) + -49) - (-13 - 2)) + -5
31
What is the value of (-28 - (5 + -13 + 6)) + (12 - 0)?
-14
Evaluate 48 + -1 - (27 - -8 - (38 - 2)).
48
(-7 - -8 - -14 - 40) + (-5 - 0 - -1)
-29
Calculate 16 - (-38 + 87) - -65.
32
What is the value of -11 - (-5 + -9 + 14 + -12) - 13?
-12
What is the value of (-3 + 0 - -46) + (68 - 60) + -4?
47
-8 - -57 - 38 - (-41 - (0 - 1))
51
What is the value of (9 - (-2 + 2 + 1)) + 44 + (41 - 70)?
23
What is -10 - (-6 - (-30 - -11) - 91) - 4?
64
Calculate -1 - (-6 - -12 - 10) - (31 - 4).
-24
Evaluate 1 - (-11 + (12 - (19 + -4)) - -2).
13
What is 12 + 11 - (-285 + 204)?
104
Evaluate 315 + -277 - (-79 - -62).
55
Calculate 96 - (14 - (0 + 13 - -12)).
107
Evaluate -44 - 0 - (-45 - -5).
-4
9 + (-7 - (4 + -18)) - (-9 - 5)
30
(53 + -32 - (8 - 6)) + 11
30
Evaluate 1 + -21 - (-23 + 30 + 61).
-88
(44 + -2 - -1) + 31 + (5 - 45)
34
Evaluate -12 + (10 - (-3 - 23)) - (3 - 16).
37
What is -34 - (-43 + 28) - 44?
-63
What is the value of (0 - (-6 + 3)) + (53 - 68) + 53?
41
Calculate 89 + -39 + 4 + -21 + 8.
41
What is the value of -39 + 4 + (-6 - -23 - 22) + 6 + -4?
-38
Calculate -11 + (41 - 80) + -1.
-51
92 + -30 - (14 + 21)
27
What is 19 - (3 - (18 - 36)) - (1 - -14)?
-17
What is 8 + (-47 - -18) - (22 + -1)?
-42
Calculate (38 - 101) + 28 - -37.
2
Evaluate 9 - (19 + -17 - 7 - 2).
16
What is the value of (-5 - (-29 - -7)) + -3 - (71 + 22)?
-79
Evaluate (-67 + 160 - (2 + 18)) + -12.
61
What is (-8 - (-4 - -2)) + (6 - -37 - (-85 - -83))?
39
Evaluate -267 + 262 + (15 - 5 - -1) + -1.
5
What is the value of (21 - ((-37 - -72) + 35)) + (9 - 2)?
-42
Evaluate (-29 - -8 - 6 - 5) + 20.
-12
(38 + -4 + 1 - 0) + (6 - -25) + -24
42
Calculate 18 + -6 + -3 + (-13 - (12 + -30)) - -3.
17
Evaluate 0 + 0 + 17 - (66821 - 66828).
24
-21 + 320 + -375 - (2 - 15)
-63
Evaluate (9 - (9 + 4) - 2) + -58.
-64
Calculate (16 + 5 - -1) + 11 + -1 + -7 + 2.
27
What is -9 - ((34 - (16 + 5)) + -7 + -3)?
-12
Evaluate -4294 - -4255 - (-109 - -1).
69
What is the value of 24 + 10 + -15 - (-1 - 18)?
38
What is the value of -6 + (9 + 7 - (5 + 1)) + -16 + 15?
3
What is -9 - (10 + 2 + 66 + -21)?
-66
What is the value of -1 + 22 + -395 + 374 - 14?
-14
What is the value of -28 - (9 + -18 + 19 + (10 - 10))?
-38
What is the value of 56 + -111 - (-30 + 1)?
-26
(-10 - -32 - 37) + -7 - -10
-12
(-9 - 2) + (-25 - (-13 + -20)) + -1 + -4
-8
Evaluate 6 + 102 + 8 - (46 + -28 + -34).
132
Evaluate 21 - (-16 - -13) - 14 - (100 - (1 + -1)).
-90
Calculate 51 + -1 + 12 + (1 - 3) + -2 + -12.
46
Evaluate (-50 - -13) + (3 - -49) + (1 - 45).
-29
What is 12 + (-24 - 4) + 54?
38
What is 21 + (-89 + -28 - -29)?
-67
What is -32 + (-20 - -5) + -3 + -3?
-53
(5 - -3 - 42) + (-22 - -38) - 42
-60
What is (18 - 14 - 25) + -19?
-40
Calculate -60 + 120 + -51 - (4 + (4 - 51)).
52
What is (2 - 10) + -25 - (5 - 8) - (0 + 1)?
-31
Calculate (4 - -15) + 5 - (-7 + 16).
15
What is (-2 - -33) + 33 + -5 + 23?
82
Calculate (103 - 49) + -45 - (-2 - -2 - -82).
-73
Evaluate -33 - (30 - (-34 - -85)).
-12
What is the value of -61 - ((23 - 23) + 2)?
-63
What is (1 - -5) + (-17 - (-52 + 38))?
3
What is 14 + -30 + (-51 - (5 - 26))?
-46
Evaluate -3 - (-2 + (-4 - -1) + (19 - -12)).
-29
What is the value of -40 + 80 + (2 - 49) - (0 - -6 - 1)?
-12
Calculate 97 + (17 - (10 - -31 - 4)).
77
Evaluate 35 + (-55 - 68) + 43.
-45
What is -49 - (7 - (-3 - 0 - (-27 + 16))) - 1?
-49
What is -62 + (14 - 1) + 71 + -66 + 3 + -9?
-50
Calculate -11 - 2 - 0 - (35 + (18 - 60)).
-6
(8 - 1) + -3 + (473 - 483) - 6
-12
Calculate (-13 - 1) + (19 - 11) + 36 + -2.
28
8 + -12 + 0 + -250 + 265 + 11
22
Calculate (12 + -5 - (-8 - -9) - -4) + 6.
16
Calculate 25 + -14 + 3 + (-35 - -22).
1
Calculate -71 - -94 - (-27 + 1).
49
Evaluate -94 - (-13 + 18) - (18 + -8 + -18).
-91
What is the value of 3 + -4 - 3 - -1 - (-13 + 53 + -14)?
-29
What is the value of 56 - (-2 - (10 - -2) - (-742 - -711))?
39
What is the value of (-14 + -4 + -5 - 0) + 88?
65
What is the value of (-14 + 7 + 21 - (126 + -115)) + 7?
10
Evaluate (-2 - 36) + (-2 + -7 - (-114 + 119)).
-52
95 - (16 + (92 - 55))
42
What is (-18 - (5 - 52)) + -50?
-21
Calculate 29 + 18 + -86 - -68.
29
Evaluate 775 + -800 + -2 + 14.
-13
What is 0 + 9 + 90 + -192 + 97?
4
Calculate 4 + (-18 - 25) + 3.
-36
Calculate 2 + 1 + (6 - 22) + 21.
8
31 - -4 - (-63 + 12)
86
What is the value of -3 + (54 - 46) - 81?
-76
What is (-37 + 0 - (-90 + 44 + 31)) + 132?
110
44 + -45 - (-1 - 5 - -11 - 6 - -59)
-59
What is the value of -64 - (80 + -102 - -46)?
-88
Calculate 22 + -6 + (-33 + 42 - -28).
53
Calculate (9 - 0) + (-14 - (-8 + 8 + -8)).
3
What is the value of 23 + 2 - 69 - -28 - 33?
-49
Calculate (2 - 5) + -205 + 218.
10
-69 + -39 + (-87 - -246)
51
Calculate (-1 - 3 - 10) + 84 + 6 + -9.
67
Calculate 4 + -2 - 6 - (74 + -77 + 3).
-4
Evaluate 26 - (-32 + (-68 - -77)).
49
What is the value of 20 - (-8 - 138) - (-6 + 12 - -10)?
150
-11 + -17 + 32 + 3 + (19 - 41)
-15
Calculate -29 + 178 - (-6 - -113).
42
What is (-21 - -51) + 13 - 1?
42
Evaluate 46 + -2 - (51 - (12 + 52)).
57
What is the value of -58 + (-61 - -24) - (3 - (1 + 8) - -2)?
-91
What is the value of -1 + 